6*i. Give d(u).
-6
Let j(p) be the first derivative of -5*p**3/3 - p**2/2 + 3*p - 2. Let u(y) be the first derivative of j(y). Suppose -3*n - 5 = 2*n. Determine u(n).
9
Let c(f) = -f. Suppose -10 = 5*u + 10. Let q be (-5 - u) + (-1 - -7). Suppose -q*w - 1 = 4. What is c(w)?
1
Let t(z) = 3*z**3 - 2*z**2 + 1. Suppose 0 = -340*a + 328*a + 324. Let x be 3/(-1)*(-28)/(-3). Let y = x + a. Determine t(y).
-4
Let w be 21*(2 + 10/(-6)). Let f(t) = -11*t - 5*t**2 + w + 6*t**2 + 17*t. What is f(-5)?
2
Let h(a) be the second derivative of a**4/6 - 8*a**3/3 + 15*a**2/2 + 486*a. What is h(7)?
1
Let h(s) = s**3 - 2*s**2 - 50*s + 13. Let d be h(8). Let b(t) = -3*t + 3. Let a(c) = 2*c - 1. Let n(p) = 7*a(p) + 3*b(p). Calculate n(d).
-13
Let y(t) = t**2 - 9*t + 2. Suppose 0 = -2158*m + 2148*m + 80. What is y(m)?
-6
Let j(z) be the first derivative of z**2 + 4*z + 53. Calculate j(-4).
-4
Let b(z) be the first derivative of -z**4/4 - 4*z**3/3 + 3*z**2/2 + z - 1. Suppose -7 = 4*v - 3*w, v + 167 - 178 = 5*w. Calculate b(v).
-11
Let v(c) be the first derivative of c**3/3 - 2*c - 73. Determine v(0).
-2
Suppose -2*g - m = 36, 0 = 3*g - 6*g + 4*m - 76. Suppose 0 = -3*r, l + r - 17 + 0 = 0. Let n = l + g. Let z(u) = -u - 4. Give z(n).
-1
Let c be 33/6 - 8 - -3. Let x(o) be the first derivative of 10/3*o**3 + 4 + c*o**2 + 0*o. Determine x(-1).
9
Let w = -26 + 30. Let j(i) = -w*i**3 + 110*i - 110*i. Determine j(-1).
4
Let b(w) = 14*w**3 + 43*w**2 + 35*w - 5. Let u(i) = -5*i**3 - 15*i**2 - 12*i + 2. Let p(y) = 4*b(y) + 11*u(y). Determine p(-6).
-10
Let l(w) = w**3 - 11*w**2 - 12*w - 8. Let s(x) = x**3 - x**2 - 57*x + 5. Let b be s(-7). What is l(b)?
-8
Let s(z) = z**3 + 3*z**2 - 2*z + 2. Let r(h) = h**3 - 14*h**2 + 12*h - 9. Let x be r(13). Let f = x - -19. Give s(f).
8
Let v(z) = z - 4. Suppose 3*h - 6 = 0, c - 4*h = -3*h. Suppose -2*n - 5*g + 30 = 3*n, -2*n + 3*g = -c. Give v(n).
0
Let b(u) be the third derivative of u**4/8 - 19*u**3/6 - u**2 - 9. Calculate b(7).
2
Let w(o) = o**2 - 2*o + 4. Suppose -v + 48 = 14. Suppose -20 = 2*z + v. Let m = -24 - z. Calculate w(m).
7
Let x(u) = u. Let i(o) = o**2 + 6*o - 4. Suppose -3 = w + 3. Let a(k) = w*x(k) + i(k). Suppose 3*z - 3*p = 2*z - 9, 4*p - 16 = 0. Calculate a(z).
5
Suppose 3 = -0*l + 3*l + 2*g, 2*g = l - 9. Let u(f) = 4*f**2 - f**3 - 3*f**3 - f**3 + 1003*f + 3*f**3 - 1002*f. Determine u(l).
-15
Let i = -219 + 217. Let n(l) = 11*l**3 + 5*l**2 + 8*l + 5. Let k(g) = 4*g**3 + 2*g**2 + 3*g + 2. Let z(a) = 8*k(a) - 3*n(a). Give z(i).
13
Let t(h) = -h**3 + h**2. Let f be t(-2). Let w(u) = -36*u + 42*u - u**3 + 2 + 0 + f*u**2 - 5*u**2. Calculate w(8).
-14
Suppose -3*n = -6*n + 6. Suppose j - 2 = n*f, 2*j = 5 + 3. Let x(m) = -m**3 + m**2 + 1. Determine x(f).
1
Suppose 2*o + 51 = 5*o. Let k = 22 - o. Suppose 3 - k = 2*l. Let q(v) = -7*v**3 + 2*v + 1. Give q(l).
6
Let x(s) = 5*s + 125. Let i(c) = -c - 20. Let r(b) = -25*i(b) - 4*x(b). Calculate r(2).
10
Suppose 662*r - 657*r = 0. Let c(j) = -2*j**2 + 2*j - 2. Calculate c(r).
-2
Let w be 3/3 + (-16)/(-4). Let z(n) = n**2 - 8*n - 3. Calculate z(w).
-18
Let z(q) = 7*q**3 - q - q - 59 + 58. Let a = 10 - 6. Suppose -a*u - l = 0, -2*l + 7 = 4*u - 3*u. Calculate z(u).
-6
Let s(d) = d**3 + 3*d**2 - 2*d. Suppose -4*g = 12*k - 14*k + 14, -5*g + 3*k - 18 = 0. Give s(g).
6
Let d(h) = 12 + 2*h**2 + 9*h - 11 - 7*h - 6. Determine d(4).
35
Suppose 1 = -2*y + 5*x, -2 = -3*y - 5*x + 9. Let w(t) = -4*t - 2 + t**3 + 0 + 3 + 3*t**y. What is w(-4)?
1
Let w be (0/(-16))/(-1 - (2 + -1)). Let g(t) be the first derivative of -1 + 5*t - 1/3*t**3 + 1/2*t**2. Calculate g(w).
5
Let c(y) = -y + 5. Let f be 70/(-21) + (-4)/6. Let w(d) = d**2 + 3*d - 4. Let k be w(f). Let p be c(k). Let i(m) = -m**3 + 6*m**2 - 4*m - 4. What is i(p)?
1
Let p(j) be the third derivative of -j**4/24 + 23*j**3/6 - 64*j**2. Determine p(11).
12
Let d(r) be the third derivative of -r**4/24 + r**3/2 - 2*r**2. Let b(n) = n + 1. Let s(o) = -o + 4. Let f be s(3). Let x be b(f). Determine d(x).
1
Let c(g) = 5*g**2 + 11*g - 23*g + 5*g - 4*g**2. What is c(6)?
-6
Let m(c) = -9*c - 56. Let w be m(-6). Let v(j) = j**3 - 3*j**2 - j - 1. Calculate v(w).
-19
Let r(p) = -43*p**3 - 2*p + 1. Suppose 5*y + 3*g - 5 = 0, 51*g = 2*y + 56*g - 2. Determine r(y).
-44
Let g be 114/21 - 9/21. Suppose -g*i = -10, 2*i + 14 = -5*y + 3. Let v(x) be the second derivative of -x**3/6 - 3*x**2/2 + 2*x. Calculate v(y).
0
Let k(d) = -d**2 - 3*d + 8. Let i be (-2376)/405 + 4/(-30). Calculate k(i).
-10
Let h(n) = 83*n + 26*n + 3*n**3 - 2*n**3 - 111*n - 2 + 2*n**2. Determine h(2).
10
Let n(c) = -c**2 + 5*c + 5. Let s be n(5). Let x(p) = 7*p. Calculate x(s).
35
Let p(g) = -5*g + 3. Let i = -185 + 104. Let n = i - -78. What is p(n)?
18
Let r(u) be the first derivative of -u**2 + u - 58. Determine r(-6).
13
Let w(p) = p - 12*p**2 - 4*p**3 + 4*p**3 + 4*p**2 + 4*p**3 + 1 - 5*p**3. Calculate w(-8).
-7
Let n(j) = 3*j**3 - j - 1. Let h(l) = 13*l**3 - 10*l**2 + 5*l + 2. Let i(o) = -h(o) + 4*n(o). What is i(8)?
50
Let d(w) be the second derivative of w**5/60 + w**3/2 - 25*w**2/2 + 3*w. Let i(q) be the first derivative of d(q). Calculate i(3).
12
Suppose 5*l - 5 = -4*k - 0*l, 2*l = 2*k + 20. Let r(j) = 5*j + 3. Calculate r(k).
-22
Let u(q) = -9*q**2 - 3*q - 3. Let v(i) = -8*i**2 - 2*i - 2. Let m(z) = -5*u(z) + 6*v(z). What is m(-2)?
-15
Let u(c) = c**3 + 12*c**2 + 8*c - 3. Let n be (-54)/(-13) + -15 + 2/(-13). Give u(n).
30
Let v(n) be the first derivative of -n**5/60 - n**4/4 + n**3/3 + 1. Let z(d) be the third derivative of v(d). Suppose -45*p + 13 - 130 - 63 = 0. Calculate z(p).
2
Let t(p) be the second derivative of p**3/6 + 9*p**2/2 + 38*p + 4. What is t(-4)?
5
Let t(f) = -f**2 + 6*f - 1. Let n(j) = -j**3 - 3*j**2 - j + 4. Let i be n(-4). Let r be 136/i + (-1)/(-3). Let q be -3*4/r + 7. Determine t(q).
4
Let d(t) = -t + 1. Let k(u) = -2*u**2 + 5*u - 4. Let w(m) = 6*d(m) + k(m). Let z(h) be the first derivative of w(h). Let p be 6 - (-7 + 7 + 7). What is z(p)?
3
Let y = 34 - 43. Let h be (1 + -4)*(y - -10). Let d(u) = u - 4. What is d(h)?
-7
Let a be 1*(-101 - -1)/(-4). Suppose 0 = 3*z - 5*y + a, y = 3 + 2. Suppose -t + z*t = 2. Let b(s) = s**2 + s + 2. What is b(t)?
4
Let i(v) = -v + 12. Let b(n) = -2*n + 15. Let g(a) = 6*b(a) - 7*i(a). What is g(7)?
-29
Let n = -75 - -138. Let h be 3/(n/60)*(-63)/(-18). Let k(t) = -t**2 + 11*t - 10. What is k(h)?
0
Let k(r) = 19*r + 19*r + 24 + 13 - 37*r - r**3. Determine k(0).
37
Suppose 5*n - 5*p - 5 = 0, 6*p - 3*p = -3*n + 27. Let j(k) = -k**2 + 4*k + 6. Let b be j(n). Let a(q) = -b + q + 2*q - 2*q + 2*q. What is a(4)?
11
Let n(c) = c**3 - 2*c**2 - 3*c. Suppose 75 = 6*b - b. Suppose 10*g = 5*g + b. Calculate n(g).
0
Let w be (-4)/(-14) - (-148)/(-28). Let z(h) = 7*h + 101*h**3 - 4*h**2 + 125*h**3 - 227*h**3 - 2. Determine z(w).
-12
Let i(m) = 7*m + 2. Let s = 13 + -15. Give i(s).
-12
Let w = 64 - 69. Let n(d) = -d**2 - 4*d + 3. What is n(w)?
-2
Let g(q) = q - 9. Let d(x) = x**3 - 2*x**2 + 2*x + 1. Let b be d(3). Let n = -25 - -15. Let k = b + n. What is g(k)?
-3
Let s(i) = -i**3 - 10*i**2 + 16*i + 3. Let k(y) = -2*y**3 - 20*y**2 + 33*y + 5. Let a(p) = 4*k(p) - 9*s(p). Give a(-11).
4
Let t(u) be the second derivative of -1/2*u**2 + 0 - 1/60*u**5 - u + 1/8*u**4 - 2/3*u**3. Let q(n) be the first derivative of t(n). What is q(4)?
-8
Let u(p) = 19*p**3 + 32*p**2 + 7*p + 30. Let s(l) = 7*l**3 + 11*l**2 + 3*l + 10. Let t(w) = -8*s(w) + 3*u(w). What is t(-8)?
34
Suppose 2*b - 3 = -b. Let x(i) = -i + 10. Let f be x(8). Let v(l) = l - 3*l - 4*l**3 + 6 + 2*l**f - 5. Determine v(b).
-3
Suppose -4 = -u, x - 3*x + 8 = 2*u. Let f(w) = -w**3 + w**2 + w + 2. Let g be f(x). Let h(y) = -y**3 - y**2 + 3*y - 3. Determine h(g).
-9
Let w(r) = -14*r. Suppose -56*k = -58*k - 2. Give w(k).
14
Let h(j) be the third derivative of -j**5/20 + j**4/24 - j**3/3 + 2*j**2 - 3*j. Let f(n) = -n**2 - 2*n + 6. Let a be f(-3). Determine h(a).
-26
Suppose -10 = 3*r + 2*r + 5*j, j + 2 = -3*r. Suppose 5*v + 34 + 1 = r. Let c(s) = -s - 8. Calculate c(v).
-1
Suppose -w + 2*w = -4*q + 9, -q - 3*w = 6. Let a(i) = -4*i**2 - 4. Calculate a(q).
-40
Let f(k) = -3 + k + k - 7*k + k**2. Let t(v) = -v**2 - 10*v + 18. Let b be t(-9). Let i = -23 + b. Calculate f(i).
-7
Let z(j) = -6*j + 6*j -